8?
2, 7, 19, 719, 1567
List the prime factors of 76827002.
2, 7, 419, 1871
List the prime factors of 2666158726.
2, 7, 11, 163, 106213
List the prime factors of 1615379142.
2, 3, 13, 20709989
List the prime factors of 2120604348.
2, 3, 823, 214723
What are the prime factors of 321303762?
2, 3, 13, 103, 13331
What are the prime factors of 369647016?
2, 3, 53, 71, 4093
List the prime factors of 146944384.
2, 107, 10729
What are the prime factors of 762818238?
2, 3, 7, 13, 465701
List the prime factors of 16781780.
2, 5, 127, 6607
List the prime factors of 62595593.
349, 179357
What are the prime factors of 2412328062?
2, 3, 1811, 222007
List the prime factors of 264522970.
2, 5, 26452297
List the prime factors of 2238494536.
2, 89, 3143953
What are the prime factors of 209676382?
2, 4651, 22541
List the prime factors of 128263499.
7, 13, 1409489
List the prime factors of 5633440.
2, 5, 137, 257
List the prime factors of 1149343747.
29, 39632543
List the prime factors of 900443251.
139, 6478009
List the prime factors of 131996703.
3, 43998901
List the prime factors of 1076704907.
43, 1201, 20849
List the prime factors of 136904282.
2, 68452141
List the prime factors of 10168479.
3, 1129831
List the prime factors of 255703031.
3593, 71167
What are the prime factors of 1302014470?
2, 5, 3049, 42703
What are the prime factors of 376624192?
2, 7, 120097
List the prime factors of 4120432961.
37, 137, 812869
What are the prime factors of 352419375?
3, 5, 7, 11, 2441
List the prime factors of 3976679631.
3, 1325559877
What are the prime factors of 70700625?
3, 5, 12569
List the prime factors of 16148908.
2, 43, 93889
List the prime factors of 1461771158.
2, 29, 47, 536233
What are the prime factors of 222012351?
3, 11, 2242549
List the prime factors of 208721812.
2, 13, 4013881
What are the prime factors of 254418821?
17, 83, 180311
What are the prime factors of 291362032?
2, 13, 239, 5861
List the prime factors of 84871810.
2, 5, 8487181
List the prime factors of 1971006481.
131, 15045851
List the prime factors of 39946777.
13, 3072829
What are the prime factors of 34010889?
3, 11, 149, 6917
List the prime factors of 55889688.
2, 3, 197, 11821
What are the prime factors of 4556812097?
4201, 1084697
What are the prime factors of 133554659?
7, 19079237
List the prime factors of 2742966017.
11, 249360547
What are the prime factors of 47328551?
29, 1632019
List the prime factors of 6734198874.
2, 3, 13, 86335883
List the prime factors of 117900315.
3, 5, 13, 37, 419
What are the prime factors of 30540207?
3, 37, 73, 3769
List the prime factors of 1316857676.
2, 37, 8897687
What are the prime factors of 6799793263?
17, 12823, 31193
List the prime factors of 2775649.
2775649
What are the prime factors of 4529208520?
2, 5, 61, 1856233
List the prime factors of 310483174.
2, 9719, 15973
What are the prime factors of 1841022048?
2, 3, 31, 71, 8713
What are the prime factors of 2061119588?
2, 11, 2909, 16103
List the prime factors of 2084483402.
2, 29, 1123, 32003
List the prime factors of 7869810551.
7869810551
List the prime factors of 162605951.
162605951
What are the prime factors of 74490828?
2, 3, 6207569
List the prime factors of 108375786.
2, 3, 2006959
List the prime factors of 74028454.
2, 2887, 12821
What are the prime factors of 226093430?
2, 5, 22609343
List the prime factors of 391979614.
2, 13, 19, 67, 911
What are the prime factors of 737540588?
2, 184385147
List the prime factors of 6613058988.
2, 3, 37, 653, 7603
What are the prime factors of 433009968?
2, 3, 59, 152899
What are the prime factors of 16663779?
3, 11, 19, 2953
List the prime factors of 40121995.
5, 8024399
List the prime factors of 939221881.
13, 72247837
List the prime factors of 49563151.
11, 4505741
List the prime factors of 407810481.
3, 13, 10456679
List the prime factors of 676283483.
4523, 149521
What are the prime factors of 20187280?
2, 5, 252341
What are the prime factors of 5660619246?
2, 3, 314478847
List the prime factors of 3188228877.
3, 118082551
List the prime factors of 253511941.
253511941
List the prime factors of 201438347.
11, 23, 199, 4001
What are the prime factors of 643740000?
2, 3, 5, 10729
What are the prime factors of 260796177?
3, 151, 191903
List the prime factors of 227229216.
2, 3, 41, 57731
What are the prime factors of 2449970028?
2, 3, 11, 17, 23, 15823
List the prime factors of 254528023.
1993, 127711
What are the prime factors of 4354827497?
1031, 1999, 2113
What are the prime factors of 42053407?
11, 23, 166219
What are the prime factors of 67464206?
2, 139, 242677
What are the prime factors of 94452981?
3, 7, 4497761
What are the prime factors of 36789390?
2, 3, 5, 11, 4129
What are the prime factors of 5435525?
5, 217421
What are the prime factors of 41087290?
2, 5, 2027
List the prime factors of 538061734.
2, 7, 47, 817723
List the prime factors of 94543128.
2, 3, 421, 3119
List the prime factors of 133655818.
2, 31, 41, 52579
List the prime factors of 165231281.
165231281
What are the prime factors of 31549823?
19, 1660517
List the prime factors of 4846941279.
3, 22433, 24007
What are the prime factors of 124309934?
2, 7, 8879281
List the prime factors of 351606192.
2, 3, 7, 1046447
What are the prime factors of 138303874?
2, 17, 503, 8087
What are the prime factors of 444953015?
5, 13, 223, 30697
List the prime factors of 34284565.
5, 7, 19991
List the prime factors of 1372033026.
2, 3, 7, 13, 39887
List the prime factors of 6444428.
2, 17, 94771
What are the prime factors of 2202884072?
2, 17, 103, 157259
List the prime factors of 861488921.
861488921
List the prime factors of 337277987.
19, 197, 251, 359
What are the prime factors of 372346061?
372346061
List the prime factors of 124162624.
2, 1940041
List the prime factors of 9624182.
2, 83, 57977
List the prime factors of 4030884402.
2, 3, 671814067
List the prime factors of 391008858.
2, 3, 65168143
What are the prime factors of 492882042?
2, 3, 23, 3571609
What are the prime factors of 157827829?
37, 4265617
List the prime factors of 27788321.
11, 2526211
What are the prime factors of 562991843?
562991843
List the prime factors of 78665554.
2, 11, 3575707
What are the prime factors of 63050420?
2, 5, 103, 127, 241
What are the prime factors of 4844439061?
7, 11, 62914793
List the prime factors of 38315822.
2, 229, 269, 311
What are the prime factors of 1523510545?
5, 71, 191, 22469
List the prime factors of 120653698.
2, 11, 79, 6311
What are the prime factors of 194517415?
5, 67, 101, 5749
List the prime factors of 435216420.
2, 3, 5, 191, 12659
List the prime factors of 228174159.
3, 457, 166429
List the prime factors of 87500794.
2, 67, 652991
What are the prime factors of 872851234?
2, 157, 2779781
What are the prime factors of 1707646368?
2, 3, 73, 243671
What are the prime factors of 4257209659?
4937, 862307
List the prime factors of 101928402.
2, 3, 1887563
List the prime factors of 943008138.
2, 3, 29, 163, 11083
List the prime factors of 1446768397.
1446768397
List the prime factors of 28908534.
2, 3, 17, 29, 337
What are the prime factors of 260770654?
2, 130385327
What are the prime factors of 476390178?
2, 3, 11, 881, 2731
What are the prime factors of 57239389?
57239389
List the prime factors of 59853824.
2, 58451
What are the prime factors of 573627661?
573627661
What are the prime factors of 1752277689?
3, 107, 1819603
List the prime factors of 22638456.
2, 3, 314423
What are the prime factors of 1133784482?
2, 83, 6830027
List the prime factors of 432751026.
2, 3, 23, 3135877
List the prime factors of 59834371.
31, 43, 44887
List the prime factors of 676908560.
2, 5, 31, 73, 3739
What are the prime factors of 124395583?
13, 397, 24103
List the prime factors of 877062280.
2, 5, 283, 77479
List the prime factors of 718266139.
19, 37803481
List the prime factors of 12269985.
3, 5, 7, 13, 89, 101
List the prime factors of 4629393.
3, 19051
What are the prime factors of 1760585960?
2, 5, 7, 17, 59, 6269
What are the prime factors of 1721876?
2, 13, 33113
What are the prime factors of 353665759?
29, 12195371
List the prime factors of 154390977.
3, 13, 571, 2311
List the prime factors of 54365513.
54365513
List the prime factors of 14945890.
2, 5, 17, 87917
List the 